- 2*g. What is the remainder when g is divided by 28?
14
Suppose 3*z + 5*g = 8*z - 255, -g - 204 = -4*z. Let n = -50 + z. Suppose -n = -p + 7. What is the remainder when 12 is divided by p?
4
Let g be ((-1920)/(-224))/(2/14). Suppose -4*i + 26 = 2*v, 8*i - 13*i + g = -3*v. What is the remainder when 16 is divided by i?
7
Let a(s) = 29*s**2 - 9*s - 7. Let p be a(-1). Suppose -27*r - 252 = -p*r. Calculate the remainder when r is divided by 36.
27
Suppose 3*h - 149 = -8. Suppose -76*t + 18312 = -20*t. Calculate the remainder when t is divided by h.
45
Suppose 17*p - 21*p + 4*d + 144 = 0, 0 = 4*p - 3*d - 142. What is the remainder when 0 + (-3969)/(-36) + 1/(-4) is divided by p?
8
Let o = -1473 - -1567. Calculate the remainder when 150 is divided by o.
56
Suppose -2625 = -3585*l + 3550*l. What is the remainder when 1797 is divided by l?
72
Let h be (7/(-28) - (-6)/8)*310. Let i = h + -52. Let j = -91 + i. Calculate the remainder when 44 is divided by j.
8
Let x = 18497 + -17688. What is the remainder when x is divided by 8?
1
Let w = 4 + -2. Suppose w + 90 = 2*d. Calculate the remainder when d is divided by (-226)/5*25/(-95) + 12/114.
10
Suppose 2*a - 1040 = -3*a. Let q(r) = -97 - 18*r + 4*r**2 + r - 2*r**2 - 8*r - r**2. Calculate the remainder when a is divided by q(30).
49
Suppose 9*p - 367 = 461. Let d = p + -66. Calculate the remainder when 75/(-50)*(496/(-6) + -2) is divided by d.
23
Let n(a) = -2*a**2 + 43*a - 57. Let p be n(18). Suppose 396*c + p = 399*c. Calculate the remainder when 128 is divided by c.
13
Suppose 3*r - 4*i - 128 = r, 2*i = -3*r + 176. Let c = -69 - -72. Suppose -4*v - 57 = -5*z, -2 = 3*z - c*v - 38. What is the remainder when r is divided by z?
6
Suppose j = -10*j + 55. Suppose 0 = 2*s - s + 4*c - 27, 0 = -j*s + 3*c + 135. Calculate the remainder when s is divided by 2/6 + 352/24.
12
Let m(z) = 2*z**2 - 13*z + 13. Let d be m(7). Let t be 15/d*(177 - -3). Suppose 0 = 8*p - 89 - t. Calculate the remainder when 54 is divided by p.
26
Let n = -255 - -274. Let d(k) = 13*k + 75. What is the remainder when d(n) is divided by 54?
52
Suppose -2*h = -8 - 24. Calculate the remainder when 51 is divided by (-4)/h*4 + 28.
24
Let m(c) = -3*c - 24. Let q be m(-8). Suppose q*x - 10*x = -20. Suppose -5*a = x*r - 6*a - 45, 5*a = 2*r - 25. What is the remainder when 48 is divided by r?
23
What is the remainder when 2738 is divided by (17 + 540/40)*2?
54
Suppose -4*n + 181 = -3*u + 9, -u + 36 = n. Let i = 28 - -122. Suppose 3*t + 6 = 0, 3*t = -5*p - 46 + i. Calculate the remainder when n is divided by p.
18
Suppose 849*m - 1680*m = -838*m + 1771. Calculate the remainder when m is divided by 33.
22
Suppose 67*p + 8*p - 10500 = 0. Calculate the remainder when p is divided by 46.
2
Suppose -a - 10 = -14. Let p be ((-2)/a)/((-20)/160). Suppose m - 4*z - 38 = 0, -3*m - 40 = -p*m + 2*z. What is the remainder when m is divided by 11?
9
Suppose -85*z = -87*z + 896. Let h = 470 - z. Let j(b) = 14*b. What is the remainder when h is divided by j(1)?
8
Let r(d) = -25*d + 1248. Calculate the remainder when 328 is divided by r(49).
6
Suppose 0 = 11*l - 14*l + 30. Suppose 0 = 5*i - 20, l*v - 13*v - 4*i = -652. What is the remainder when v is divided by (2/(-3))/2*-129?
40
Suppose 0 = -2*u - 4*k + 1266, 2972*u - 2973*u = 3*k - 628. Calculate the remainder when u is divided by 22.
5
Let x be (-10)/2 + -2*(6 - 10). Suppose x*n = -3*v + 60, -3*v - 13 = 4*n - 95. What is the remainder when 458 is divided by n?
18
Let b = -68 - -82. Calculate the remainder when b is divided by (-92)/(-12) - (-2)/6.
6
Let s(t) = -29*t**3 - 5*t**2 - 4*t - 1. Calculate the remainder when s(-1) is divided by 13.
1
Suppose 16*s = 96 + 48. Calculate the remainder when (122/3)/(6/s) + -6 is divided by 4.
3
Calculate the remainder when (1378/16 - -2) + (-9)/72 is divided by (30/(-20))/(-2 + (-57)/(-30)).
13
Suppose 7118*a = 7156*a - 10184. What is the remainder when a is divided by (-403)/(-9) - (-2)/9?
43
Suppose -8500 = -27*n + 2*n. What is the remainder when n is divided by 49?
46
Let l(h) = h + 47. Let x be (-8)/(-3)*54/(-36). Calculate the remainder when (x - -1) + 15 + 69 is divided by l(-19).
25
Suppose -4*u - 5 = 3*i, 3*i + 9*u - 4*u + 1 = 0. Let g(j) be the first derivative of -j**2/2 + 48*j + 1. What is the remainder when g(i) is divided by 28?
27
Suppose v - 52 = -3*y + 4, -4*v = 3*y - 62. Let u = -29 + y. What is the remainder when (-330)/u - (-8)/(-2) is divided by 15?
11
Let w(m) = 6*m - 139. Let l be w(24). Suppose l*d - 2*d - 153 = 0. What is the remainder when d is divided by 6?
3
Let i(c) = 63*c**2 - 11*c + 10. Calculate the remainder when (-26)/65*122*-5 is divided by i(1).
58
What is the remainder when (-63)/(-42) + 68470/20 is divided by 10?
5
Calculate the remainder when (-3)/15*-710*10/20 is divided by 7.
1
Let m = 215 - 202. Let g(v) = 2*v**2 - 9*v - 24. What is the remainder when g(m) is divided by 22?
21
Let x(v) = -v**2 + 2*v + 11. Let y be x(5). Let p(g) = 29 - 34 - 5*g + 19. What is the remainder when p(y) is divided by 19?
15
Let z be (1 + -3)*(693/18)/(-7). Calculate the remainder when 12 is divided by (16/3)/2 + z/33.
0
Let q(d) = 58*d - 134. What is the remainder when q(3) is divided by 28?
12
Let q(n) = -n**3 - 7*n**2 - 21*n - 29. Let j be q(-5). Suppose -5 = -5*v - 0, -h = v - j. Calculate the remainder when 149 is divided by h.
24
Suppose -3*u + 45 = 147. Let d be 98/u + 6/(-51). Calculate the remainder when (d/(-3)*-13)/((-7)/21) is divided by 8.
7
Suppose -407*b + 398*b = -4059. What is the remainder when b is divided by 110?
11
Suppose 2*w = 2*f - 84, -35*w + 63 = 2*f - 40*w. Calculate the remainder when 7741 is divided by f.
48
Suppose -3*r = -2*a + 593, 4*a = 2*r + 426 - 28. Let b = r + 314. Calculate the remainder when b is divided by 19 - (4/3)/(6/9).
15
Suppose 2*g + l - 426 = 0, -2*l - 667 = -40*g + 37*g. What is the remainder when 518 is divided by g?
84
Let k(n) = -7*n + 15. Let f(h) = -6*h + 14. Let a(w) = 4*f(w) - 3*k(w). Let z be a(-3). What is the remainder when (z - -19) + 0/(-1) is divided by 6?
3
Let m = 33 - 30. Suppose -22 = -m*z - 4. Let s = 35 + -33. Calculate the remainder when z is divided by s.
0
Suppose -52 = 5*p + 3*w - 154, 4*w = 4*p - 88. Suppose -57*n = -62*n + 825. Calculate the remainder when n is divided by p.
18
Suppose -2*h + 4*i = -68, -5*i + 19 = 4. Let r(u) = u**3 + 10*u**2 + 26*u + 79. Calculate the remainder when r(-4) is divided by h.
31
Let k = -4145 - -4162. Calculate the remainder when 2515 is divided by k.
16
Let s be (-516)/4 + 0*2/6. Let t be 1/((-6)/24) - s/3. Suppose -3*f + 2*r + 33 = -0*r, r = 4*f - t. What is the remainder when 16 is divided by f?
7
Let r(i) = -379*i - 1056. What is the remainder when r(-19) is divided by 58?
55
Let l(k) = 2*k**2 - k - 2. Suppose -4*q - 7 = 1. Let o be l(q). Calculate the remainder when 45 is divided by (-4)/o*(-1 - 47).
21
Let y(w) = 3*w**2 - 19*w + 66. What is the remainder when y(14) is divided by 76?
8
Suppose 5*o - 4*n + 7*n + 113 = 0, -n + 4 = 0. Let l(s) = s**3 + 26*s**2 + 26*s + 40. Calculate the remainder when 71 is divided by l(o).
11
Suppose 5*j - 2*j - 4*a = -275, -2*j = -2*a + 180. Let i = j + 91. Let p = 11 + i. Calculate the remainder when p is divided by 10.
7
Suppose -3*j = 4*j - 63. Suppose j*a + 4*i + 52 = 11*a, 0 = -2*a + 2*i + 56. What is the remainder when a is divided by 2?
0
Suppose -2*q + 980 = -2*x + 802, -2*q + 166 = -4*x. Calculate the remainder when 12728 is divided by q.
93
Let s = -9 + 21. Suppose 23 + 17 = 8*f. Suppose 4*w - 2*w = f*k - 110, 4*k - 3*w - 88 = 0. What is the remainder when k is divided by s?
10
Let d be (-4)/(-10) - 544/160. What is the remainder when 68 is divided by (d - 3*(-95)/105)*-49?
12
Let j = -21210 - -21567. Calculate the remainder when j is divided by 1/2*-8 - -44.
37
Suppose 225*u - 273*u + 19008 = 0. Calculate the remainder when 2779 is divided by u.
7
Suppose -256*i + 120199 = 16*i - 223065. Calculate the remainder when i is divided by 91.
79
Let y = 5515 - 686. Calculate the remainder when y is divided by 1606.
11
Let c = -881 + 899. Let k(a) = a**2 - a - 16. Calculate the remainder when c is divided by k(-4).
2
Let a be 79*(-6)/(1 + -7). Suppose 0 = 5*z - 5*p - 116 - a, 5*p = z - 55. What is the remain